783
What are the prime factors of 481370?
2, 5, 37, 1301
What are the prime factors of 1785073?
31, 89, 647
What are the prime factors of 3676542?
2, 3, 37, 16561
What are the prime factors of 1884196?
2, 41, 11489
What are the prime factors of 32601145?
5, 61, 89, 1201
What are the prime factors of 5355478?
2, 43, 62273
List the prime factors of 48500.
2, 5, 97
What are the prime factors of 33091?
33091
What are the prime factors of 6117588?
2, 3, 169933
What are the prime factors of 120651?
3, 131, 307
What are the prime factors of 68141?
68141
List the prime factors of 1180420.
2, 5, 59021
List the prime factors of 26134929.
3, 151, 19231
List the prime factors of 1316293.
11, 17, 7039
List the prime factors of 501027.
3, 167009
List the prime factors of 109345.
5, 19, 1151
What are the prime factors of 6648546?
2, 3, 1108091
List the prime factors of 2204591.
2204591
What are the prime factors of 392787?
3, 19, 2297
List the prime factors of 2561274.
2, 3, 47431
List the prime factors of 415803.
3, 17, 31, 263
List the prime factors of 379132.
2, 13, 23, 317
List the prime factors of 340565.
5, 68113
List the prime factors of 3841949.
17, 29, 7793
What are the prime factors of 190871?
190871
What are the prime factors of 646127?
787, 821
What are the prime factors of 458869?
19, 24151
What are the prime factors of 60682?
2, 30341
List the prime factors of 110565.
3, 5, 7, 13
What are the prime factors of 3498594?
2, 3, 11, 61, 79
What are the prime factors of 574057?
11, 23, 2269
What are the prime factors of 1954346?
2, 71, 13763
What are the prime factors of 128807?
7, 18401
What are the prime factors of 25714?
2, 13, 23, 43
List the prime factors of 82878.
2, 3, 19, 727
List the prime factors of 4121226.
2, 3, 167, 457
List the prime factors of 14000731.
14000731
List the prime factors of 162317.
19, 8543
List the prime factors of 864793.
864793
List the prime factors of 1152450.
2, 3, 5, 13, 197
List the prime factors of 8283957.
3, 11, 373, 673
What are the prime factors of 95620?
2, 5, 7, 683
What are the prime factors of 3615594?
2, 3, 17, 35447
List the prime factors of 8451319.
97, 151, 577
What are the prime factors of 3319898?
2, 307, 5407
List the prime factors of 407330.
2, 5, 7, 11, 23
List the prime factors of 314219.
314219
List the prime factors of 772617.
3, 257539
What are the prime factors of 203570?
2, 5, 20357
List the prime factors of 30648432.
2, 3, 37, 17257
What are the prime factors of 3204270?
2, 3, 5, 35603
What are the prime factors of 5047150?
2, 5, 100943
List the prime factors of 158093.
13, 12161
List the prime factors of 6598146.
2, 3, 997, 1103
What are the prime factors of 1504592?
2, 271, 347
List the prime factors of 202453.
17, 11909
What are the prime factors of 22776825?
3, 5, 303691
List the prime factors of 586916.
2, 11, 13339
List the prime factors of 23157240.
2, 3, 5, 192977
List the prime factors of 206616.
2, 3, 8609
List the prime factors of 298411.
298411
List the prime factors of 10613.
10613
What are the prime factors of 4609066?
2, 7, 11, 173
What are the prime factors of 3566488?
2, 31, 73, 197
List the prime factors of 224592.
2, 3, 4679
List the prime factors of 2861503.
67, 42709
List the prime factors of 1124458.
2, 19, 127, 233
List the prime factors of 7448925.
3, 5, 11, 9029
List the prime factors of 70881.
3, 23627
List the prime factors of 469958.
2, 234979
What are the prime factors of 3051331?
739, 4129
What are the prime factors of 4645233?
3, 17, 97, 313
List the prime factors of 421649.
557, 757
List the prime factors of 47431.
47431
List the prime factors of 3976347.
3, 1325449
List the prime factors of 1782121.
11, 162011
What are the prime factors of 727351?
727351
What are the prime factors of 1936516?
2, 484129
What are the prime factors of 12237287?
12237287
List the prime factors of 924622.
2, 462311
What are the prime factors of 14345632?
2, 7, 1307
What are the prime factors of 397139?
409, 971
List the prime factors of 238541.
263, 907
What are the prime factors of 2532594?
2, 3, 422099
What are the prime factors of 1898555?
5, 431, 881
List the prime factors of 22627226.
2, 73, 154981
What are the prime factors of 153781?
61, 2521
List the prime factors of 2301971.
7, 109, 431
List the prime factors of 6314680.
2, 5, 157867
What are the prime factors of 358553?
13, 27581
What are the prime factors of 6743708?
2, 19, 89, 997
What are the prime factors of 1248263?
59, 21157
List the prime factors of 7546124.
2, 131, 14401
What are the prime factors of 552358?
2, 31, 59, 151
What are the prime factors of 1617467?
661, 2447
List the prime factors of 2565189.
3, 11, 2879
What are the prime factors of 10240134?
2, 3, 1706689
What are the prime factors of 126995?
5, 11, 2309
What are the prime factors of 12133351?
23, 131, 4027
List the prime factors of 28200909.
3, 11, 17, 2957
List the prime factors of 2818174.
2, 421, 3347
List the prime factors of 6138735.
3, 5, 61, 6709
What are the prime factors of 51531?
3, 89, 193
What are the prime factors of 5220656?
2, 7, 6659
What are the prime factors of 1027942?
2, 433, 1187
What are the prime factors of 410429?
257, 1597
What are the prime factors of 2820903?
3, 940301
List the prime factors of 2570573.
2570573
List the prime factors of 433480.
2, 5, 10837
List the prime factors of 1934571.
3, 644857
List the prime factors of 585806.
2, 13, 22531
What are the prime factors of 848192?
2, 29, 457
What are the prime factors of 214240?
2, 5, 13, 103
List the prime factors of 1581913.
61, 25933
List the prime factors of 194358.
2, 3, 29, 1117
What are the prime factors of 504034?
2, 252017
What are the prime factors of 48617?
61, 797
What are the prime factors of 4756238?
2, 2378119
List the prime factors of 3115163.
683, 4561
List the prime factors of 2579144.
2, 29, 11117
What are the prime factors of 5428023?
3, 23, 97, 811
What are the prime factors of 12488362?
2, 97, 64373
What are the prime factors of 522531?
3, 6451
What are the prime factors of 8602056?
2, 3, 37, 3229
What are the prime factors of 3906124?
2, 17, 31, 109
What are the prime factors of 10709?
10709
What are the prime factors of 389504?
2, 17, 179
List the prime factors of 661254.
2, 3, 11, 43, 233
What are the prime factors of 177834?
2, 3, 107, 277
What are the prime factors of 12288230?
2, 5, 89, 13807
List the prime factors of 11394355.
5, 7, 43, 67, 113
What are the prime factors of 3597017?
3597017
What are the prime factors of 3523917?
3, 37, 53, 599
List the prime factors of 73655.
5, 14731
What are the prime factors of 621074?
2, 193, 1609
List the prime factors of 2291594.
2, 1145797
List the prime factors of 281181.
3, 19, 4933
What are the prime factors of 3470851?
3470851
What are the prime factors of 158596?
2, 31, 1279
What are the prime factors of 18525230?
2, 5, 1852523
What are the prime factors of 1446198?
2, 3, 13, 18541
What are the prime factors of 7799273?
137, 56929
What are the prime factors of 136489?
41, 3329
List the prime factors of 1047165.
3, 5, 7, 9973
What are the prime factors of 7592915?
5, 11, 138053
What are the prime factors of 6415335?
3, 5, 47521
List the prime factors of 845932.
2, 79, 2677
What are the prime factors of 383654?
2, 191827
List the prime factors of 2878856.
2, 41, 67, 131
What are the prime factors of 5195095?
5, 389, 2671
List the prime factors of 188379.
3, 6977
List the prime factors of 1260488.
2, 157561
What are the prime factors of 208136?
2, 26017
List the prime factors of 7981954.
2, 3990977
What are the prime factors of 2010909?
3, 670303
What are the prime factors of 2201387?
2201387
List the prime factors of 32182.
2, 16091
List the prime factors of 1042424.
2, 130303
List the prime factors of 9075688.
2, 17, 66733
What are the prime factors of 16430428?
2, 7, 586801
What are the prime factors of 6994981?
7, 59, 16937
List the prime factors of 167245.
5, 13, 31, 83
List the prime factors of 225766.
2, 157, 719
What are the prime factors of 3433292?
2, 43, 19961
What are the prime factors of 176540?
2, 5, 7, 13, 97
What are the prime factors of 126312?
2, 3, 19, 277
What are the prime factors of 1296319?
1296319
What are the prime factors of 6493387?
43, 151009
What are the prime f